d by 1593.
10
Calculate the remainder when 11352 is divided by 2835.
12
What is the remainder when 3685511 is divided by 12?
11
Calculate the remainder when 2411 is divided by 141.
14
What is the remainder when 18321 is divided by 1495?
381
Calculate the remainder when 3121899 is divided by 50.
49
Calculate the remainder when 79166 is divided by 14.
10
What is the remainder when 229676 is divided by 17666?
18
Calculate the remainder when 21926 is divided by 2434.
20
Calculate the remainder when 167830 is divided by 74.
72
Calculate the remainder when 467869 is divided by 130.
129
What is the remainder when 1570 is divided by 1032?
538
Calculate the remainder when 2792 is divided by 277.
22
Calculate the remainder when 5155 is divided by 1643.
226
Calculate the remainder when 3106 is divided by 3092.
14
What is the remainder when 418781 is divided by 4?
1
What is the remainder when 64283 is divided by 644?
527
Calculate the remainder when 1971 is divided by 1952.
19
Calculate the remainder when 233980 is divided by 775.
705
Calculate the remainder when 38786 is divided by 104.
98
What is the remainder when 14459 is divided by 73?
5
What is the remainder when 9629 is divided by 1371?
32
What is the remainder when 1329 is divided by 29?
24
Calculate the remainder when 2217 is divided by 991.
235
What is the remainder when 9130 is divided by 60?
10
Calculate the remainder when 7629 is divided by 3569.
491
Calculate the remainder when 36792 is divided by 248.
88
What is the remainder when 22703 is divided by 95?
93
What is the remainder when 23881 is divided by 7931?
88
Calculate the remainder when 10872 is divided by 1358.
8
What is the remainder when 1561 is divided by 503?
52
What is the remainder when 1547740 is divided by 258?
256
Calculate the remainder when 6436 is divided by 113.
108
What is the remainder when 12233 is divided by 139?
1
Calculate the remainder when 4695542 is divided by 143.
137
Calculate the remainder when 10082 is divided by 267.
203
Calculate the remainder when 1768 is divided by 67.
26
Calculate the remainder when 12968 is divided by 276.
272
Calculate the remainder when 1240808 is divided by 2400.
8
What is the remainder when 313874 is divided by 18463?
3
What is the remainder when 2091526 is divided by 1656?
1654
Calculate the remainder when 1644 is divided by 1188.
456
What is the remainder when 2384 is divided by 162?
116
Calculate the remainder when 36218 is divided by 29.
26
Calculate the remainder when 32084 is divided by 1514.
290
What is the remainder when 8202 is divided by 254?
74
Calculate the remainder when 2161 is divided by 85.
36
What is the remainder when 3172 is divided by 79?
12
Calculate the remainder when 30374 is divided by 81.
80
Calculate the remainder when 1827 is divided by 25.
2
What is the remainder when 414076 is divided by 66?
58
Calculate the remainder when 138610 is divided by 11.
10
Calculate the remainder when 142033 is divided by 96.
49
What is the remainder when 13428 is divided by 789?
15
Calculate the remainder when 185582 is divided by 42.
26
What is the remainder when 78446 is divided by 102?
8
What is the remainder when 2307 is divided by 2251?
56
What is the remainder when 18195 is divided by 104?
99
Calculate the remainder when 7787 is divided by 7.
3
What is the remainder when 1984 is divided by 561?
301
What is the remainder when 16267 is divided by 406?
27
What is the remainder when 13095 is divided by 3716?
1947
Calculate the remainder when 15340 is divided by 154.
94
Calculate the remainder when 130156 is divided by 21666.
160
Calculate the remainder when 3253 is divided by 515.
163
What is the remainder when 4527 is divided by 80?
47
What is the remainder when 1116 is divided by 505?
106
What is the remainder when 581611 is divided by 9?
4
Calculate the remainder when 1759 is divided by 60.
19
Calculate the remainder when 36574 is divided by 654.
604
What is the remainder when 16390 is divided by 16371?
19
What is the remainder when 115442 is divided by 589?
587
What is the remainder when 19349 is divided by 116?
93
What is the remainder when 1565 is divided by 147?
95
What is the remainder when 46087 is divided by 46?
41
Calculate the remainder when 215048 is divided by 3584.
8
What is the remainder when 2419 is divided by 736?
211
Calculate the remainder when 14758 is divided by 7208.
342
Calculate the remainder when 930 is divided by 38.
18
Calculate the remainder when 132728 is divided by 331.
328
Calculate the remainder when 7378 is divided by 737.
8
Calculate the remainder when 133048 is divided by 299.
292
What is the remainder when 318866 is divided by 11?
9
Calculate the remainder when 2248 is divided by 113.
101
Calculate the remainder when 4082 is divided by 185.
12
What is the remainder when 2513 is divided by 2499?
14
What is the remainder when 122025 is divided by 36?
21
What is the remainder when 15846 is divided by 481?
454
Calculate the remainder when 19098 is divided by 1469.
1
Calculate the remainder when 755 is divided by 479.
276
Calculate the remainder when 91465 is divided by 65.
10
What is the remainder when 4784157 is divided by 120?
117
Calculate the remainder when 2387 is divided by 1697.
690
Calculate the remainder when 431721 is divided by 11.
4
Calculate the remainder when 14099 is divided by 111.
2
Calculate the remainder when 111496 is divided by 368.
360
Calculate the remainder when 3037 is divided by 81.
40
What is the remainder when 1324271 is divided by 1441?
1433
Calculate the remainder when 4549 is divided by 1237.
838
Calculate the remainder when 760526 is divided by 77.
74
Calculate the remainder when 1464 is divided by 165.
144
Calculate the remainder when 10216 is divided by 146.
142
Calculate the remainder when 20710 is divided by 45.
10
What is the remainder when 25532 is divided by 28?
24
What is the remainder when 350174 is divided by 2001?
2000
What is the remainder when 9441 is divided by 517?
135
Calculate the remainder when 39141 is divided by 890.
871
Calculate the remainder when 9722 is divided by 70.
62
Calculate the remainder when 84551 is divided by 144.
23
Calculate the remainder when 55740 is divided by 55730.
10
Calculate the remainder when 3123 is divided by 174.
165
What is the remainder when 219049 is divided by 12?
1
Calculate the remainder when 2923 is divided by 130.
63
What is the remainder when 440 is divided by 256?
184
Calculate the remainder when 12342 is divided by 43.
1
What is the remainder when 1716623 is divided by 131?
130
What is the remainder when 12282 is divided by 237?
195
What is the remainder when 813 is divided by 604?
209
Calculate the remainder when 8127 is divided by 354.
339
What is the remainder when 33218 is divided by 3680?
98
Calculate the remainder when 1788 is divided by 259.
234
Calculate the remainder when 13833 is divided by 22.
17
Calculate the remainder when 97045 is divided by 48517.
11
What is the remainder when 353159 is divided by 6?
5
Calculate the remainder when 5529 is divided by 245.
139
What is the remainder when 5689 is divided by 5432?
257
What is the remainder when 10864 is divided by 319?
18
What is the remainder when 26902 is divided by 236?
234
Calculate the remainder when 23127 is divided by 413.
412
Calculate the remainder when 13996 is divided by 319.
279
Calculate the remainder when 12429 is divided by 7.
4
What is the remainder when 29382 is divided by 9?
6
Calculate the remainder when 40644 is divided by 214.
198
What is the remainder when 298813 is divided by 99598?
19
Calculate the remainder when 4297 is divided by 719.
702
What is the remainder when 3289 is divided by 136?
25
Calculate the remainder when 281317 is divided by 222.
43
What is the remainder when 79122 is divided by 726?
714
What is the remainder when 16221 is divided by 5390?
51
What is the remainder when 69292 is divided by 385?
377
Calculate the remainder when 91979 is divided by 140.
139
What is the remainder when 14254 is divided by 259?
9
What is the remainder when 3339 is divided by 125?
89
Calculate the remainder when 19457 is divided by 9663.
131
What is the remainder when 18475 is divided by 303?
295
What is the remainder when 3178 is divided by 1577?
24
Calculate the remain